.
-5078
Let w(u) = -u**3 + 52*u**2 + 498*u + 66. Determine w(60).
1146
Let n(x) = 1390*x + 2451. Calculate n(-2).
-329
Let u(x) = 186*x + 3843. Determine u(-20).
123
Let c(j) = -j**3 + 78*j**2 - 100*j + 3241. Give c(77).
1470
Let m(a) = -361*a + 44815. What is m(125)?
-310
Let d(a) = 37*a**2 + 95*a - 1. Determine d(0).
-1
Let z(i) = 38419*i - 537866. Determine z(14).
0
Let u(g) = -g**2 - 287*g - 10703. Calculate u(-43).
-211
Let u(j) = -j**3 - 6*j**2 + 990*j - 926. What is u(-35)?
-51
Let f(s) = s**3 - 5*s**2 + 312*s + 4401. What is f(-10)?
-219
Let u(i) = -513*i**2 + 9619*i + 2437. Calculate u(19).
5
Let o(j) = 201*j + 4390. What is o(-23)?
-233
Let b(y) = 179176*y + 10. What is b(0)?
10
Let c(p) = -42*p**2 + 7230*p + 36154. What is c(-5)?
-1046
Let d(b) = -b**2 + 168*b - 4196. Give d(120).
1564
Let k(a) = 169*a**3 - 3433*a**2 + 4226*a - 162. Calculate k(19).
-10
Let w(t) = -44*t**2 + 198*t - 131. Determine w(5).
-241
Let k(l) = -9*l**3 - 91*l**2 + 81*l + 913. Determine k(-10).
3
Let z(c) = c**3 - 208*c**2 + 903*c + 627. What is z(5)?
67
Let b(t) = 81*t - 486. Calculate b(8).
162
Let a(y) = -686590*y - 13731805. Determine a(-20).
-5
Let s(l) = -l**2 - 1100*l - 16273. Determine s(-14).
-1069
Let z(t) = t**3 - 109*t**2 - 10*t + 798. What is z(109)?
-292
Let g(c) = -297*c**2 - 2949*c + 212. Determine g(-10).
2
Let s(j) = 5*j**2 - 235*j + 2536. Determine s(36).
556
Let v(b) = -354*b**2 + 8494*b - 185. What is v(24)?
-233
Let r(a) = -4*a**3 - 1202*a**2 + 9235*a - 1547. What is r(-308)?
-7
Let a(c) = -4*c**2 - 166*c - 2144. Calculate a(-18).
-452
Let a(y) = 65517*y - 1572365. Calculate a(24).
43
Let c(d) = -d**3 - 18*d**2 - 323*d - 3780. What is c(-12)?
-768
Let v(x) = 2*x**3 + 410*x**2 - 2113*x - 2735. Give v(-210).
-5
Let i(k) = -2*k**2 + 214*k + 14843. What is i(155)?
-37
Let c(h) = -h**2 - 72*h + 646. What is c(-81)?
-83
Let h(l) = -97*l - 4290. Determine h(-44).
-22
Let o(d) = 263*d**2 + 9239*d + 1199. What is o(-35)?
9
Let o(b) = 7*b**3 + 1681*b**2 + 267*b + 6428. Give o(-240).
-52
Let o(y) = -y**3 - 33*y**2 - 47*y + 29. Calculate o(-32).
509
Let o(s) = -2*s**2 - 959*s + 22723. Calculate o(23).
-392
Let d(m) = 2*m**3 - 87*m**2 + 151*m + 2249. Determine d(41).
35
Let h(j) = 5*j**3 + 172*j**2 - 881*j - 9. Calculate h(5).
511
Let l(x) = 11*x**2 + 2100*x - 2330. What is l(-192)?
-26
Let b(g) = 3*g**2 - 272*g + 5965. Determine b(27).
808
Let h(f) = 922*f - 18307. What is h(19)?
-789
Let k(i) = i**3 + 5*i**2 - 75*i - 3. Give k(-9).
348
Let o(c) = 2*c**2 - 64*c - 913. Determine o(38).
-457
Let t(g) = g**3 + 852*g**2 + 6771*g - 5. What is t(-8)?
-157
Let p(k) = k**2 + 3417*k + 273330. Determine p(-82).
-140
Let c(q) = -3*q**2 - 901*q - 48543. Give c(-230).
-13
Let a(u) = 16*u**3 - 231*u**2 - 7*u + 28. Calculate a(15).
1948
Let h(y) = 9*y**2 - 2*y - 96. Give h(-6).
240
Let o(z) = -z**3 + 2*z**2 - 19*z + 53. Give o(7).
-325
Let u(c) = c**3 + 17*c**2 - 335*c + 131. Calculate u(-29).
-246
Let d(x) = 5832*x + 180768. Calculate d(-31).
-24
Let t(u) = 7*u**2 + 672*u + 9868. Determine t(-16).
908
Let j(r) = r**3 + 54*r**2 - 262*r + 1924. Calculate j(-59).
-23
Let q(y) = -3*y**2 - 28*y - 183. What is q(-6)?
-123
Let b(m) = -74*m**3 + 20*m**2 - m - 105. Give b(-3).
2076
Let y(v) = -6761*v - 912744. Give y(-135).
-9
Let x(j) = -17527*j - 245185. Give x(-14).
193
Let f(z) = 2*z**2 - 52*z + 397. Give f(10).
77
Let r(p) = -2312*p + 335220. Calculate r(145).
-20
Let b(l) = 537*l - 61637. Calculate b(115).
118
Let i(w) = -54*w**2 - 2272*w - 173. Give i(-42).
-5
Let t(r) = r**2 - 78557*r - 471376. Give t(-6).
2
Let p(f) = -138*f - 1029. Determine p(-7).
-63
Let r(d) = 27*d**3 + 2993*d**2 - 645*d - 22309. Give r(-111).
2
Let k(o) = 3*o**2 - o - 851. Calculate k(17).
-1
Let p(y) = y**2 + 4494*y + 239768. Calculate p(-54).
8
Let m(f) = -6*f**2 - 104*f + 1151. Give m(9).
-271
Let t(v) = -429221*v - 1716893. Determine t(-4).
-9
Let p(i) = -i**3 + 175*i**2 + 571*i - 6704. What is p(178)?
-118
Let f(d) = d**3 - 167*d**2 + 925*d - 154469. Give f(167).
6
Let q(t) = 133*t - 988. What is q(7)?
-57
Let t(o) = -518*o**2 + 13*o + 7. What is t(-1)?
-524
Let i(l) = 1200*l - 44455. Give i(35).
-2455
Let u(q) = -q**3 - 31*q**2 + 937*q. What is u(19)?
-247
Let x(g) = 119*g - 952. What is x(-5)?
-1547
Let b(s) = s**3 + 34*s**2 + 95*s + 5976. Give b(-36).
-36
Let p(m) = 140*m - 28534. What is p(204)?
26
Let v(t) = -10*t**3 + 3752*t**2 + 2992*t + 6000. Determine v(376).
-16
Let m(p) = -6355*p - 6317. Determine m(-1).
38
Let a(q) = q**2 + 1151*q + 136636. Give a(-134).
358
Let p(b) = -b**2 + 42*b + 969. Calculate p(-13).
254
Let w(x) = 2*x**2 + 24585*x - 147577. Calculate w(6).
5
Let g(o) = 15*o**2 - 111*o + 321. Calculate g(6).
195
Let u(h) = -4080*h**2 - 20384*h + 5. Calculate u(-5).
-75
Let m(d) = -2*d**2 + 25645*d + 179600. Determine m(-7).
-13
Let k(d) = -22295*d - 67145. Determine k(-3).
-260
Let l(z) = 64*z + 5830. Calculate l(-92).
-58
Let j(d) = d**3 - 124*d**2 - 1017*d + 13106. Give j(131).
6
Let c(l) = -3*l**2 + 8699*l - 121209. What is c(14)?
-11
Let k(w) = -3042*w + 5831. Calculate k(2).
-253
Let b(m) = -4*m**2 - 139*m - 1370. Determine b(-14).
-208
Let l(n) = 483*n**2 - 1916*n + 53. Calculate l(4).
117
Let y(r) = 378*r**2 - 46882*r + 1229. Determine y(124).
-11
Let q(u) = u**3 + 407*u**2 + 26405*u - 681. Calculate q(-326).
-355
Let v(x) = -10*x**2 + 29556*x + 296564. Give v(-10).
4
Let w(b) = -145363*b + 1308225. Calculate w(9).
-42
Let f(w) = 137*w**2 + 16305*w + 322. What is f(-119)?
84
Let g(c) = 28*c**2 - 21*c - 177. Calculate g(-7).
1342
Let v(g) = -5*g**2 + 18394*g + 73589. What is v(-4)?
-67
Let i(r) = 1248*r - 134773. Give i(108).
11
Let l(g) = -1613*g - 87721. Determine l(-55).
994
Let a(q) = 20*q**3 + 486*q**2 - 357*q - 180. Determine a(-25).
-5
Let r(k) = -4*k**3 + 4*k**2 - 253*k + 973. Give r(4).
-231
Let i(r) = -2*r**2 + 80*r + 48505. Determine i(-137).
7
Let w(s) = -107447*s + 214902. What is w(2)?
8
Let c(m) = -50492*m**2 + 151488*m - 3. Determine c(3).
33
Let i(h) = -10227950*h + 40911804. What is i(4)?
4
Let f(o) = -o**3 - 242*o**2 - 1164*o + 4224. Calculate f(-237).
-753
Let n(v) = 86*v**2 - 327*v + 1658. What is n(5)?
2173
Let v(z) = 4*z**2 + 88*z - 4107. What is v(23)?
33
Let a(r) = 10582*r + 8275131. What is a(-782)?
7
Let i(v) = -2*v**3 - 35*v**2 - 291*v - 2717. Determine i(-14).
-15
Let u(r) = -35864*r - 251137. Calculate u(-7).
-89
Let w(y) = -4103*y - 5464. Determine w(-2).
2742
Let o(i) = -821978*i - 1643967. Calculate o(-2).
-11
Let g(b) = -14*b**3 - 151*b**2 + 78*b + 12. Give g(-11).
-483
Let k(o) = -138*o**2 - 1149*o - 3. What is k(-10)?
-2313
Let u(o) = -44*o**3 - 35*o**2 - 74*o - 140. What is u(-2)?
220
Let k(w) = -8909*w + 156. Give k(0).
156
Let s(o) = 2*o**2 - 152*o + 2721. What is s(51)?
171
Let i(g) = g + 240. What is i(26)?
266
Let f(g) = -2*g**3 - 44*g**2 - 300*g - 41. Calculate f(-12).
679
Let m(p) = 8*p**3 - 54*p**2 - 18*p + 322. Give m(3).
-2
Let u(f) = -420*f + 997. Give u(5).
-1103
Let y(s) = -246*s**3 + s**2 + 992*s + 3. Give y(0).
3
Let m(o) = o**2 - 1871*o - 1982658. Give m(-755).
-28
Let c(u) = 30922*u + 340217. Give c(-11).
75
Let c(k) = -k**3 + 482*k**2 + 1467*k - 5819. Determine c(485).
1
Let j(p) = p**3 - 257*p**2 - 396*p + 35579. Calculate j(258).
-25
Let t(a) = -a**2 + 26*a + 516. Give t(71).
-2679
Let t(x) = 51200*x - 512025. What is t(10)?
-25
Let o(b) = -14*b**3 - 135*b**2 + 48*b - 60. Give o(-10).
-40
Let u(t) = t**3 - 3*t**2 + 159*t - 813. Give u(6).
249
Let t(v) = -v**3 - 21*v**2 + 3306*v + 57215. Give t(-17).
-143
Let g(c) = -134*c - 1186. Calculate g(7).
-2124
Let g(y) = -y**3 - 69*y**2 + 336*y - 2561. Give g(-74).
-45
Let y(k) = k**3 + 119*k**2 + 3488*k - 234. Give y(-64).
1814
Let r(x) = -6*x**2 - 311*x + 106. Give r(-52).
54
Let u(a) = 505*a + 7040. Give u(-20).
-3060
Let w(u) = -u**2 - 1196*u - 17675. What is w(-15)?
40
Let a(y) = y**3 + 24*y**2 + 5176*y + 91229. Calculate a(-18).
5
Let s(j) = -966*j - 465568. Give s(-482).
44
Let s(y) = 243*y + 43981. Determine s(-178).
727
Let l(t) = 80016*t + 160023. Calculate l(-2).
-9
Let r(m) = -46*m**2 + 51307*m - 70179. Give r(1114).
3
Let c(d) = 30057*d + 270522. Give c(-9).
9
Let y(w) = 17*w**2 + 6481*w + 32408. Give y(-5).
428
Let a(v) = v**2 + 49*v - 1475. Give 